7, what is 4 - -2106155?
2106162
In base 10, what is 10 - -707?
717
In base 7, what is 26636 + 1001?
30640
In base 5, what is -322344 - 1344?
-324243
In base 9, what is 1642 - 0?
1642
In base 16, what is 8bf7 - -f?
8c06
In base 2, what is -111100100011010000 + 1?
-111100100011001111
In base 5, what is -2021 - -1241?
-230
In base 6, what is 2401400 - -34?
2401434
In base 8, what is -75 + 26525?
26430
In base 10, what is -22849 + -19?
-22868
In base 11, what is 71041 + -1?
71040
In base 2, what is 10011 - -100111001110001110?
100111001110100001
In base 8, what is 2301 - 110?
2171
In base 10, what is -114 - 10790?
-10904
In base 2, what is 101110001001011010001 + -11?
101110001001011001110
In base 8, what is -2 - 25750?
-25752
In base 3, what is -11 - -2120120111?
2120120100
In base 15, what is -a94 + -33?
-ac7
In base 11, what is 13876 - 3?
13873
In base 3, what is 0 - -1222201101?
1222201101
In base 13, what is 15683 + 1?
15684
In base 11, what is 2 - 24858?
-24856
In base 16, what is 391a - -2?
391c
In base 2, what is 0 - -101011100010?
101011100010
In base 15, what is -bb - 1dd?
-2a9
In base 13, what is -6071 + -7?
-6078
In base 15, what is 7d57 + 0?
7d57
In base 7, what is 64535 + -43?
64462
In base 3, what is -1110221122 - 1?
-1110221200
In base 13, what is 2c0b21 - 3?
2c0b1b
In base 12, what is 5 + 3540?
3545
In base 12, what is 1b000a - 0?
1b000a
In base 3, what is -2 - -221001220?
221001211
In base 16, what is -5 + -62f16?
-62f1b
In base 12, what is -10 + -105b0?
-10600
In base 7, what is -6 + -1625655?
-1625664
In base 4, what is -11330202 - -21?
-11330121
In base 10, what is -699980 - 0?
-699980
In base 9, what is 186748 - 1?
186747
In base 8, what is -10313 + -6?
-10321
In base 11, what is -17a3 + -6?
-17a9
In base 16, what is -2f0 - -154?
-19c
In base 10, what is 103527 - -4?
103531
In base 15, what is 27ade + -5?
27ad9
In base 10, what is -125268 + 31?
-125237
In base 15, what is d7 + -44e?
-367
In base 7, what is 1510 + -10?
1500
In base 4, what is -23 - -122123?
122100
In base 12, what is 0 + 212b?
212b
In base 5, what is -112423 + -3121?
-121044
In base 5, what is -10442321 - -3?
-10442313
In base 6, what is -303 + 504?
201
In base 15, what is b + -1d7?
-1cb
In base 3, what is 120 + 2122221201?
2122222021
In base 5, what is -320340 + -2?
-320342
In base 9, what is 83 + 887?
1081
In base 7, what is 1133 + 6?
1142
In base 11, what is -26 - -14a2?
1477
In base 15, what is 44 + -11c?
-c8
In base 5, what is 10422040 - -12?
10422102
In base 7, what is -21635466 + 0?
-21635466
In base 12, what is -93228 + -3?
-9322b
In base 11, what is 560 - -56?
606
In base 12, what is -3 + 1831?
182a
In base 14, what is 2 + -d28a?
-d288
In base 4, what is 12 - 102201?
-102123
In base 16, what is 21f99 - 2?
21f97
In base 4, what is -1210223123 - 0?
-1210223123
In base 10, what is 124 + -1251?
-1127
In base 15, what is 610 - -38?
648
In base 2, what is 100 - 101011100101110?
-101011100101010
In base 2, what is 11 - 1000111011001?
-1000111010110
In base 16, what is -1df - 315?
-4f4
In base 14, what is -348 - -41?
-307
In base 12, what is 4b47a1 + 5?
4b47a6
In base 16, what is 6 + -4be?
-4b8
In base 14, what is -4 + -6187?
-618b
In base 12, what is -17 + 3a3?
388
In base 11, what is 1074692 + -4?
1074689
In base 7, what is 1 - 1143513?
-1143512
In base 8, what is -1 + 263303?
263302
In base 9, what is -28 - -334?
305
In base 2, what is -10010011 + 111000110100?
110110100001
In base 8, what is 147651 - 10?
147641
In base 5, what is 10 - 32430004?
-32424444
In base 9, what is -1460 - 0?
-1460
In base 12, what is -3 + 46a01?
469ba
In base 3, what is 1012002102 + 1000?
1012010102
In base 12, what is 2124 - -22?
2146
In base 14, what is 1a0c - -44?
1a52
In base 3, what is -1011012102121 - 1?
-1011012102122
In base 10, what is -28213 + -11?
-28224
In base 9, what is -10 - 265?
-275
In base 16, what is 8 - -588?
590
In base 9, what is 10121062 + 3?
10121065
In base 12, what is 476a5 + -21?
47684
In base 10, what is -38 - -568?
530
In base 6, what is 143152 + 4?
143200
In base 8, what is -47 + 2651?
2602
In base 6, what is -4 + 13052204?
13052200
In base 13, what is -4 - 1916?
-191a
In base 11, what is -1026 - 263?
-1289
In base 8, what is -2541 - -50?
-2471
In base 3, what is -10021 + 10200000?
10112202
In base 2, what is 10 + 11101111?
11110001
In base 7, what is -216403 + 3?
-216400
In base 15, what is 1a + -2e96?
-2e7b
In base 2, what is -11110000100010110 + 100?
-11110000100010010
In base 14, what is -5 - -61c1?
61ba
In base 10, what is 6298 - 26?
6272
In base 7, what is -2 + 10264504?
10264502
In base 14, what is -1069b + 5?
-10696
In base 4, what is 1 + -201310?
-201303
In base 5, what is 2041442 - 2?
2041440
In base 3, what is -210 + 1211100120?
1211022210
In base 5, what is 114 - 4202?
-4033
In base 6, what is 1223 + -105121?
-103454
In base 9, what is 2 - -48258?
48261
In base 10, what is 1 - -16796?
16797
In base 10, what is -109 - 54566?
-54675
In base 6, what is -155 + -15003?
-15202
In base 11, what is 2 - 20766?
-20764
In base 12, what is -1067 + -12?
-1079
In base 11, what is -753a + -161?
-76a0
In base 12, what is -33b2a1 + 1?
-33b2a0
In base 12, what is 24159 - -5?
24162
In base 14, what is a7741 + -4?
a773b
In base 3, what is 2010 - -21211020?
21220100
In base 16, what is -1d + 2c0?
2a3
In base 11, what is 1065 - 1a23?
-969
In base 5, what is 404444 + -214?
404230
In base 11, what is -7 - 58981?
-58988
In base 2, what is 111111010 - -110100010001?
111100001011
In base 2, what is 101101011 + -1111100?
11101111
In base 11, what is -22 + -1081?
-10a3
In base 10, what is 5 + -358024?
-358019
In base 2, what is 101 + 111110000010110000?
111110000010110101
In base 11, what is -109 + -415?
-523
In base 3, what is -20200222 - -222?
-20200000
In base 9, what is -2878 - 148?
-3137
In base 4, what is 10 - 1133200?
-1133130
In base 15, what is 8e + -1d68?
-1cc9
In base 13, what is -18 - -4780?
4765
In base 16, what is 0 + da6?
da6
In base 4, what is 1201 + -10?
1131
In base 14, what is -4 - 1d3c5?
-1d3c9
In base 8, what is 20 + -103251?
-103231
In base 14, what is -25245 + 2?
-25243
In base 9, what is 35 + -1125?
-1080
In base 16, what is 6 - -1529?
152f
In base 7, what is -240 + 2355?
2115
In base 5, what is 3 + 32202133?
32202141
In base 10, what is -5 + -253559?
-253564
In base 14, what is -5 - 22c0?
-22c5
In base 15, what is -392 + 1ca?
-1b7
In base 11, what is 22a2 - -1?
22a3
In base 5, what is 40310 - 40?
40220
In base 2, what is 1100 + 1111001010100000?
1111001010101100
In base 16, what is -44 + -3f1b?
-3f5f
In base 16, what is -597c - 6?
-5982
In base 6, what is 14030 - 1050?
12540
In base 15, what is 22049 + 8?
22052
In base 11, what is -322 + 38?
-295
In base 4, what is 2320311233 - -2?
2320311301
In base 3, what is 1021101201 + -11?
1021101120
In base 7, what is -30 - 4564?
-4624
In base 5, what is 32 + -21131?
-21044
In base 10, what is 2 - -115536?
115538
In base 2, what is -1010000 - 10001101?
-11011101
In base 15, what is 18a - d0?
aa
In base 13, what is -546b - -3?
-5468
In base 6, what is -2 - -20100404?
20100402
In base 10, what is -10 - 23899?
-23909
In base 5, what is 242340 - 0?
242340
In base 3, what is 12 - -111122222221?
111200000010
In base 5, what is 4 - 1210302?
-1210243
In base 12, what is -8a9 + 346?
-563
In base 16, what is 393fa - 7?
393f3
In base 12, what is 5 - 52951?
-52948
In base 10, what is -4209 + 5?
-4204
In base 16, what is 16 - 9cc?
-9b6
In base 14, what is -566b - -b?
-5660
In base 15, what is 0 - 2217?
-2217
In base 12, what is -253 - -27?
-228
In base 15, what is 843e + -3?
843b
In base 12, what is -411 - 416?
-827
In base 11, what is 21 - 119?
-a8
In base 14, what is 1 + -89b02?
-89b01
In base 2, what is -1001101000 - 1000111?
-1010101111
In base 6, what is 32433 + -12?
32421
In base 16, what is -d8aec + -4?
-d8af0
In base 7, what is -5 - -1263066?
1263061
In base 5, what is -22 + 4223?
4201
In base 3, what is -101101020011022 - 0?
-101101020011022
In base 13, what is 1 + -b988?
-b987
In base 9, what is 534 + 3870?
4514
In base 12, what is 11519 - -3?
11520
In base 8, what is 1614 - -22?
1636
In base 8, what is -2706 - 3225?
-6133
In base 11, what is -1a99a71 - -3?
-1a99a69
In base 11, what is -2 - 67a7?
-6